{"id":661,"date":"2019-01-09T13:20:01","date_gmt":"2019-01-09T12:20:01","guid":{"rendered":"http:\/\/www.bildung.pl\/?page_id=661"},"modified":"2021-03-29T21:49:57","modified_gmt":"2021-03-29T19:49:57","slug":"dlaczego-kultura","status":"publish","type":"page","link":"http:\/\/www.bildung.pl\/de\/kultura\/dlaczego-kultura\/","title":{"rendered":"Warum Kultur?"},"content":{"rendered":"<p>Die Deutsche Bildungsgesellschaft initiiert und unterst\u00fctzt Projekte zur St\u00e4rkung der Kenntnisse der deutschen Sprache und kombiniert diese Aufgabe mit kulturellen Projekten.<\/p>\n<p>Mit unserer Kulturarbeit m\u00f6chten wir Wissen \u00fcber deutsche Kultur verbreiten und Interesse f\u00fcr das multikulturelle Erbe Schlesiens wecken.<\/p>\n<p>Langfristig sollen Projekte in diesem Bereich die Teilnehmerinnen und Teilnehmer zum Mitgestalten der Hochkultur ermutigen. Eine indirekte Wirkung, die wir uns von dieser T\u00e4tigkeit versprechen, ist neben der Erweiterung des Wissens \u00fcber deutsche Kultur auch die Popularisierung der Sprache. Durch die Umsetzung von Kulturprojekten f\u00f6rdern wir nicht nur die deutsche Kultur, sondern bereichern auch die Kulturlandschaft der Region.<\/p>","protected":false},"excerpt":{"rendered":"<p>Die Deutsche Bildungsgesellschaft initiiert und unterst\u00fctzt Projekte zur St\u00e4rkung der Kenntnisse der deutschen Sprache und kombiniert diese Aufgabe mit kulturellen Projekten. Mit unserer Kulturarbeit m\u00f6chten wir Wissen \u00fcber deutsche Kultur verbreiten und Interesse f\u00fcr das multikulturelle Erbe Schlesiens wecken. Langfristig sollen Projekte in diesem Bereich die Teilnehmerinnen und Teilnehmer zum Mitgestalten der Hochkultur ermutigen. Eine [&hellip;]<\/p>\n","protected":false},"author":1,"featured_media":0,"parent":659,"menu_order":0,"comment_status":"closed","ping_status":"closed","template":"","meta":{"_expiration-date-status":"saved","_expiration-date":0,"_expiration-date-type":"","_expiration-date-categories":[],"_expiration-date-options":[]},"_links":{"self":[{"href":"http:\/\/www.bildung.pl\/de\/wp-json\/wp\/v2\/pages\/661"}],"collection":[{"href":"http:\/\/www.bildung.pl\/de\/wp-json\/wp\/v2\/pages"}],"about":[{"href":"http:\/\/www.bildung.pl\/de\/wp-json\/wp\/v2\/types\/page"}],"author":[{"embeddable":true,"href":"http:\/\/www.bildung.pl\/de\/wp-json\/wp\/v2\/users\/1"}],"replies":[{"embeddable":true,"href":"http:\/\/www.bildung.pl\/de\/wp-json\/wp\/v2\/comments?post=661"}],"version-history":[{"count":4,"href":"http:\/\/www.bildung.pl\/de\/wp-json\/wp\/v2\/pages\/661\/revisions"}],"predecessor-version":[{"id":1973,"href":"http:\/\/www.bildung.pl\/de\/wp-json\/wp\/v2\/pages\/661\/revisions\/1973"}],"up":[{"embeddable":true,"href":"http:\/\/www.bildung.pl\/de\/wp-json\/wp\/v2\/pages\/659"}],"wp:attachment":[{"href":"http:\/\/www.bildung.pl\/de\/wp-json\/wp\/v2\/media?parent=661"}],"curies":[{"name":"wp","href":"https:\/\/api.w.org\/{rel}","templated":true}]}}

<p>Die Deutsche Bildungsgesellschaft initiiert und unterstützt Projekte zur Stärkung der Kenntnisse der deutschen Sprache und kombiniert diese Aufgabe mit kulturellen Projekten.</p>
<p>Mit unserer Kulturarbeit möchten wir Wissen über deutsche Kultur verbreiten und Interesse für das multikulturelle Erbe Schlesiens wecken.</p>
<p>Langfristig sollen Projekte in diesem Bereich die Teilnehmerinnen und Teilnehmer zum Mitgestalten der Hochkultur ermutigen. Eine indirekte Wirkung, die wir uns von dieser Tätigkeit versprechen, ist neben der Erweiterung des Wissens über deutsche Kultur auch die Popularisierung der Sprache. Durch die Umsetzung von Kulturprojekten fördern wir nicht nur die deutsche Kultur, sondern bereichern auch die Kulturlandschaft der Region.</p>

<p>Die Deutsche Bildungsgesellschaft initiiert und unterstützt Projekte zur Stärkung der Kenntnisse der deutschen Sprache und kombiniert diese Aufgabe mit kulturellen Projekten. Mit unserer Kulturarbeit möchten wir Wissen über deutsche Kultur verbreiten und Interesse für das multikulturelle Erbe Schlesiens wecken. Langfristig sollen Projekte in diesem Bereich die Teilnehmerinnen und Teilnehmer zum Mitgestalten der Hochkultur ermutigen. Eine [&hellip;]</p>
